{"id":24,"date":"2019-09-02T10:20:35","date_gmt":"2019-09-02T10:20:35","guid":{"rendered":"http:\/\/www.przystanekmuzyka.pl\/?page_id=24"},"modified":"2019-12-30T14:31:21","modified_gmt":"2019-12-30T14:31:21","slug":"zespol-prowadzacy","status":"publish","type":"page","link":"https:\/\/www.przystanekmuzyka.pl\/?page_id=24","title":{"rendered":"Zesp\u00f3\u0142 Prowadz\u0105cy"},"content":{"rendered":"\n<div class=\"wp-block-image is-style-circle-mask\"><figure class=\"aligncenter size-large is-resized\"><img decoding=\"async\" src=\"http:\/\/www.przystanekmuzyka.pl\/wp-content\/uploads\/2019\/11\/5-2-1024x1024.png\" alt=\"\" class=\"wp-image-163\" width=\"204\" height=\"204\" srcset=\"https:\/\/www.przystanekmuzyka.pl\/wp-content\/uploads\/2019\/11\/5-2-1024x1024.png 1024w, https:\/\/www.przystanekmuzyka.pl\/wp-content\/uploads\/2019\/11\/5-2-300x300.png 300w, https:\/\/www.przystanekmuzyka.pl\/wp-content\/uploads\/2019\/11\/5-2-150x150.png 150w, https:\/\/www.przystanekmuzyka.pl\/wp-content\/uploads\/2019\/11\/5-2-1536x1536.png 1536w, https:\/\/www.przystanekmuzyka.pl\/wp-content\/uploads\/2019\/11\/5-2-2048x2048.png 2048w\" sizes=\"(max-width: 204px) 100vw, 204px\" \/><\/figure><\/div>\n\n\n\n<p> <strong>mgr KATARZYNA SZENDZIELORZ <\/strong><\/p>\n\n\n\n<p>Dusza artystyczna, z muzyk\u0105 zaprzyja\u017aniona od najm\u0142odszych lat.<br> Przesz\u0142a przez wszystkie szczeble kszta\u0142cenia w tym kierunku.<br> Zdobyte umiej\u0119tno\u015bci wykorzystuje ju\u017c ponad 20 lat prowadz\u0105c zaj\u0119cia muzyczne i muzyczno<br> ruchowe z dzie\u0107mi i m\u0142odzie\u017c\u0105.<br> Obecnie \u0142\u0105czy swoje do\u015bwiadczenia piel\u0119gnuj\u0105c dzieci\u0119ce talenty poprzez prowadzenie zaj\u0119\u0107<br> muzyki, rytmiki oraz kszta\u0142cenia s\u0142uchu z elementami nauki nut, teorii i solfe\u017cu w szkole<br> podstawowej, przedszkolu a tak\u017ce szko\u0142ach Suzuki w Opolu i Gliwicach.<br> W nauce gry na instrumencie z powodzeniem wykorzystuje metody Lidii Bajkowskiej, Orffa,<br> i Kodalya.<br> Zwi\u0105zana z nauk\u0105 gry na instrumencie Metod\u0105 Suzuki jako graj\u0105cy rodzic .<br> Oligofrenopedagog, jest terapeut\u0105 biofeedback, instruktorem gimnastyki korekcyjnej,.<br> Prywatnie szcz\u0119\u015bliwa \u017cona, mama Zosi i Huberta.<\/p>\n\n\n\n<div class=\"wp-block-image is-style-circle-mask\"><figure class=\"aligncenter is-resized\"><img decoding=\"async\" src=\"http:\/\/www.przystanekmuzyka.pl\/wp-content\/uploads\/2019\/12\/www-1-1024x1024.png\" alt=\"\" class=\"wp-image-235\" width=\"191\" height=\"191\" srcset=\"https:\/\/www.przystanekmuzyka.pl\/wp-content\/uploads\/2019\/12\/www-1-1024x1024.png 1024w, https:\/\/www.przystanekmuzyka.pl\/wp-content\/uploads\/2019\/12\/www-1-300x300.png 300w, https:\/\/www.przystanekmuzyka.pl\/wp-content\/uploads\/2019\/12\/www-1-150x150.png 150w, https:\/\/www.przystanekmuzyka.pl\/wp-content\/uploads\/2019\/12\/www-1-1536x1536.png 1536w, https:\/\/www.przystanekmuzyka.pl\/wp-content\/uploads\/2019\/12\/www-1-2048x2048.png 2048w\" sizes=\"(max-width: 191px) 100vw, 191px\" \/><\/figure><\/div>\n\n\n\n<p><strong>mgr  DOROTA BANA\u015a&nbsp;<\/strong><\/p>\n\n\n\n<p>Absolwentka Uniwersytetu \u015al\u0105skiego w specjalno\u015bci metodyka wczesnoszkolna,skrzypek filharmonii Zabrza\u0144skiej animator kultury,certyfikowany nauczyciel MLT E.E Gordona ,tw\u00f3rca projekt\u00f3w min. Maluchy w krainie d\u017awi\u0119ku i Bajtel w Filharmonii ,w 2018 i 2019 jej projekty nominowane do nagrody portalu czas dzieci S\u0142oneczniki kompozytor piosenek dla dzieci.<br><\/p>\n\n\n\n<p><\/p>\n","protected":false},"excerpt":{"rendered":"<p>mgr KATARZYNA SZENDZIELORZ Dusza artystyczna, z muzyk\u0105 zaprzyja\u017aniona od najm\u0142odszych lat. Przesz\u0142a przez wszystkie szczeble kszta\u0142cenia w tym kierunku. Zdobyte umiej\u0119tno\u015bci wykorzystuje ju\u017c ponad 20 lat prowadz\u0105c zaj\u0119cia muzyczne i muzyczno ruchowe z dzie\u0107mi i m\u0142odzie\u017c\u0105. Obecnie \u0142\u0105czy swoje do\u015bwiadczenia piel\u0119gnuj\u0105c dzieci\u0119ce talenty poprzez prowadzenie zaj\u0119\u0107 muzyki, rytmiki oraz kszta\u0142cenia &hellip;<\/p>\n","protected":false},"author":1,"featured_media":0,"parent":0,"menu_order":0,"comment_status":"closed","ping_status":"closed","template":"","meta":{"ngg_post_thumbnail":0,"footnotes":""},"class_list":["post-24","page","type-page","status-publish","hentry"],"_links":{"self":[{"href":"https:\/\/www.przystanekmuzyka.pl\/index.php?rest_route=\/wp\/v2\/pages\/24"}],"collection":[{"href":"https:\/\/www.przystanekmuzyka.pl\/index.php?rest_route=\/wp\/v2\/pages"}],"about":[{"href":"https:\/\/www.przystanekmuzyka.pl\/index.php?rest_route=\/wp\/v2\/types\/page"}],"author":[{"embeddable":true,"href":"https:\/\/www.przystanekmuzyka.pl\/index.php?rest_route=\/wp\/v2\/users\/1"}],"replies":[{"embeddable":true,"href":"https:\/\/www.przystanekmuzyka.pl\/index.php?rest_route=%2Fwp%2Fv2%2Fcomments&post=24"}],"version-history":[{"count":7,"href":"https:\/\/www.przystanekmuzyka.pl\/index.php?rest_route=\/wp\/v2\/pages\/24\/revisions"}],"predecessor-version":[{"id":237,"href":"https:\/\/www.przystanekmuzyka.pl\/index.php?rest_route=\/wp\/v2\/pages\/24\/revisions\/237"}],"wp:attachment":[{"href":"https:\/\/www.przystanekmuzyka.pl\/index.php?rest_route=%2Fwp%2Fv2%2Fmedia&parent=24"}],"curies":[{"name":"wp","href":"https:\/\/api.w.org\/{rel}","templated":true}]}}