{"id":25,"date":"2019-09-02T10:20:36","date_gmt":"2019-09-02T10:20:36","guid":{"rendered":"http:\/\/www.przystanekmuzyka.pl\/?page_id=25"},"modified":"2023-03-15T10:26:30","modified_gmt":"2023-03-15T10:26:30","slug":"oferta","status":"publish","type":"page","link":"https:\/\/www.przystanekmuzyka.pl\/?page_id=25","title":{"rendered":"Oferta"},"content":{"rendered":"\n<figure class=\"wp-block-image\"><a href=\"https:\/\/przystanekmuzyka.wordpress.com\/2019\/02\/15\/galeria\/\" target=\"_blank\" rel=\"noreferrer noopener\"><img decoding=\"async\" src=\"https:\/\/ci3.googleusercontent.com\/proxy\/MoOT7ZYuqgEI4kVmfUtp33W5-cOdgYI8dIdxb8quBr4pu75R3aF8x2cTspQ4Nt6yeFEmTyVGGFsIbKETWDJMVLGnn90sL1wLtnOTOLrLYU2gZ01l5VAOYTWYSn4hSXvY=s0-d-e1-ft#https:\/\/przystanekmuzyka.files.wordpress.com\/2019\/01\/n.jpg?w=765&amp;h=380&amp;crop=1\" alt=\"\"\/><\/a><\/figure>\n\n\n\n<h2 class=\"wp-block-heading\">BAWIMY  &#8211; UCZYMY &#8211; TWORZYMY<\/h2>\n\n\n\n<p><\/p>\n\n\n\n<p class=\"has-text-align-center has-text-color has-large-font-size\" style=\"color:#e219a3\"><strong>Nasze zaj\u0119cia przygotowuj\u0105 dzieci do szko\u0142y muzycznej<\/strong>.<\/p>\n\n\n\n<p><\/p>\n\n\n\n<ul class=\"wp-block-list\"><li><strong><em>Zaj\u0119cia Gordonowskie<\/em><\/strong> &#8211; umuzykalniaj\u0105ce    \/poniedzia\u0142ek\/                                                                                                                                                           <em>Grupa pierwsza<\/em>&#8211; Przytulanki \/niemowl\u0119ta od 3-go miesi\u0105ca do 13-go miesi\u0105ca \u017cycia z rodzicami ( zaj\u0119cia  raz w tygodniu 30min)                  <em>Grupa druga<\/em> -Chodziki \/od 14-go  miesi\u0105ca do 3 lat z rodzicami\/. (zaj\u0119cia raz w tygodniu 45 min)<\/li><li> <strong><em>Nauka gry na instrumentach<\/em> <\/strong>&#8211; <em>fortepian ,skrzypce<\/em>, <em>gitara i ukulele<\/em> od 4-12 roku \u017cycia.                                                                                     zaj\u0119cia<strong>  <\/strong>indywidualne (30 minut\/45 minut\/tydzie\u0144)<\/li><\/ul>\n\n\n\n<ul class=\"wp-block-list\"><li><em><strong>Rytmika<\/strong><\/em> z elementami MMG -zaj\u0119cia grupowe &#8211;  6-8 os\u00f3b    \/wtorek\/  <\/li><li><strong><em>Ukulele<\/em><\/strong> &#8211; zaj\u0119cia grupowe    \/\u015broda \/<\/li><\/ul>\n\n\n\n<ul class=\"wp-block-list\"><li><strong><em>Zaj\u0119cia kodowania i programowania<\/em><\/strong> dla dzieci  Venture Code Kids &#8211;  <a rel=\"noreferrer noopener\" href=\"https:\/\/www.facebook.com\/VentureCodeKids\/\" data-type=\"URL\" data-id=\"https:\/\/www.facebook.com\/VentureCodeKids\/\" target=\"_blank\">https:\/\/www.facebook.com\/VentureCodeKids\/<\/a><\/li><\/ul>\n\n\n\n<ul class=\"wp-block-list\"><li><em><strong> Koncerty i wyst\u0119py. <\/strong><\/em>   <\/li><\/ul>\n\n\n\n<p><\/p>\n","protected":false},"excerpt":{"rendered":"<p>BAWIMY &#8211; UCZYMY &#8211; TWORZYMY Nasze zaj\u0119cia przygotowuj\u0105 dzieci do szko\u0142y muzycznej. Zaj\u0119cia Gordonowskie &#8211; umuzykalniaj\u0105ce \/poniedzia\u0142ek\/ Grupa pierwsza&#8211; Przytulanki \/niemowl\u0119ta od 3-go miesi\u0105ca do 13-go miesi\u0105ca \u017cycia z rodzicami ( zaj\u0119cia raz w tygodniu 30min) Grupa druga -Chodziki \/od 14-go miesi\u0105ca do 3 lat z rodzicami\/. (zaj\u0119cia raz w &hellip;<\/p>\n","protected":false},"author":1,"featured_media":0,"parent":0,"menu_order":0,"comment_status":"closed","ping_status":"closed","template":"","meta":{"ngg_post_thumbnail":0,"footnotes":""},"class_list":["post-25","page","type-page","status-publish","hentry"],"_links":{"self":[{"href":"https:\/\/www.przystanekmuzyka.pl\/index.php?rest_route=\/wp\/v2\/pages\/25"}],"collection":[{"href":"https:\/\/www.przystanekmuzyka.pl\/index.php?rest_route=\/wp\/v2\/pages"}],"about":[{"href":"https:\/\/www.przystanekmuzyka.pl\/index.php?rest_route=\/wp\/v2\/types\/page"}],"author":[{"embeddable":true,"href":"https:\/\/www.przystanekmuzyka.pl\/index.php?rest_route=\/wp\/v2\/users\/1"}],"replies":[{"embeddable":true,"href":"https:\/\/www.przystanekmuzyka.pl\/index.php?rest_route=%2Fwp%2Fv2%2Fcomments&post=25"}],"version-history":[{"count":19,"href":"https:\/\/www.przystanekmuzyka.pl\/index.php?rest_route=\/wp\/v2\/pages\/25\/revisions"}],"predecessor-version":[{"id":545,"href":"https:\/\/www.przystanekmuzyka.pl\/index.php?rest_route=\/wp\/v2\/pages\/25\/revisions\/545"}],"wp:attachment":[{"href":"https:\/\/www.przystanekmuzyka.pl\/index.php?rest_route=%2Fwp%2Fv2%2Fmedia&parent=25"}],"curies":[{"name":"wp","href":"https:\/\/api.w.org\/{rel}","templated":true}]}}